isor of 62 and 11873?
31
What is the highest common factor of 57546 and 6?
6
What is the highest common divisor of 476 and 126?
14
Calculate the greatest common factor of 308 and 6567.
11
What is the highest common factor of 2303 and 188?
47
What is the greatest common divisor of 14126 and 14?
14
Calculate the highest common divisor of 224 and 518.
14
Calculate the highest common factor of 6 and 2643.
3
Calculate the greatest common factor of 76 and 19.
19
What is the highest common divisor of 264 and 288?
24
What is the greatest common factor of 966 and 192?
6
What is the highest common divisor of 14 and 322?
14
Calculate the greatest common divisor of 344 and 86.
86
Calculate the highest common divisor of 23 and 2047.
23
Calculate the greatest common divisor of 2 and 38.
2
What is the highest common factor of 1323 and 245?
49
Calculate the greatest common factor of 90 and 405.
45
What is the highest common factor of 636 and 16?
4
Calculate the highest common factor of 97 and 4753.
97
What is the greatest common divisor of 754 and 4758?
26
What is the highest common divisor of 8 and 1192?
8
What is the greatest common divisor of 12649 and 278?
139
Calculate the highest common factor of 51 and 2505.
3
Calculate the greatest common factor of 8 and 4.
4
Calculate the greatest common divisor of 12 and 204.
12
Calculate the highest common divisor of 5 and 155.
5
What is the highest common factor of 16 and 8500?
4
What is the highest common divisor of 44 and 7436?
44
Calculate the highest common divisor of 513 and 783.
27
Calculate the highest common factor of 70876 and 26.
26
What is the highest common divisor of 102 and 1374?
6
Calculate the highest common factor of 105 and 4053.
21
Calculate the greatest common divisor of 12183 and 93.
93
Calculate the highest common divisor of 34 and 2822.
34
What is the greatest common divisor of 44 and 880?
44
What is the greatest common divisor of 126126 and 117?
117
Calculate the greatest common divisor of 5336 and 46.
46
Calculate the greatest common factor of 130 and 2290.
10
Calculate the highest common divisor of 23 and 1679.
23
Calculate the highest common factor of 10 and 810.
10
What is the highest common divisor of 1480 and 500?
20
Calculate the greatest common factor of 138 and 1886.
46
What is the greatest common divisor of 275 and 66?
11
Calculate the greatest common factor of 45 and 387.
9
Calculate the highest common factor of 80 and 35960.
40
What is the greatest common factor of 4669 and 87?
29
What is the highest common factor of 1396 and 4?
4
Calculate the highest common factor of 821 and 1.
1
What is the greatest common factor of 267 and 445?
89
Calculate the greatest common divisor of 6574 and 114.
38
Calculate the greatest common divisor of 36 and 1692.
36
What is the highest common divisor of 8132 and 76?
76
Calculate the greatest common divisor of 113 and 18871.
113
What is the highest common factor of 286 and 10114?
26
What is the highest common divisor of 2 and 29?
1
What is the greatest common divisor of 77 and 154?
77
Calculate the greatest common divisor of 112 and 26.
2
What is the highest common factor of 71 and 142?
71
What is the greatest common divisor of 2169 and 482?
241
Calculate the highest common factor of 329 and 49.
7
Calculate the greatest common factor of 78 and 3666.
78
What is the greatest common factor of 42 and 3626?
14
Calculate the greatest common factor of 559 and 86.
43
Calculate the greatest common factor of 288 and 32.
32
Calculate the greatest common factor of 143 and 1664.
13
Calculate the highest common factor of 187 and 6919.
187
What is the greatest common factor of 871 and 13?
13
Calculate the greatest common factor of 249 and 39.
3
What is the greatest common divisor of 140 and 210?
70
Calculate the greatest common divisor of 261 and 957.
87
Calculate the greatest common factor of 8975 and 50.
25
What is the greatest common divisor of 1 and 158?
1
What is the greatest common divisor of 880 and 55?
55
Calculate the greatest common divisor of 45 and 9.
9
Calculate the greatest common factor of 40 and 300.
20
What is the greatest common divisor of 17621 and 134?
67
What is the greatest common divisor of 368 and 667?
23
Calculate the greatest common divisor of 2869 and 133.
19
What is the highest common divisor of 54 and 30?
6
Calculate the highest common factor of 196 and 28.
28
What is the highest common factor of 116 and 8?
4
Calculate the highest common divisor of 7 and 497.
7
Calculate the greatest common divisor of 308 and 2618.
154
What is the highest common divisor of 850 and 1190?
170
What is the greatest common divisor of 64 and 160?
32
What is the greatest common divisor of 752 and 928?
16
What is the highest common divisor of 83 and 913?
83
What is the greatest common factor of 2224 and 8?
8
What is the highest common divisor of 318 and 42453?
159
What is the highest common divisor of 14 and 26?
2
Calculate the greatest common factor of 24 and 372.
12
What is the highest common factor of 29 and 29?
29
Calculate the greatest common divisor of 2211 and 33.
33
What is the highest common factor of 39 and 3?
3
Calculate the highest common factor of 2490 and 45.
15
What is the greatest common factor of 385 and 56?
7
What is the greatest common divisor of 24 and 114?
6
What is the greatest common divisor of 132 and 48?
12
What is the highest common divisor of 1 and 4?
1
Calculate the greatest common factor of 3973 and 116.
29
What is the highest common divisor of 870 and 20?
10
What is the highest common divisor of 240 and 3690?
30
Calculate the highest common factor of 11506 and 110.
22
What is the highest common divisor of 125 and 875?
125
What is the highest common factor of 4 and 1052?
4
Calculate the highest common divisor of 1 and 45.
1
What is the highest common factor of 58674 and 33?
33
What is the highest common factor of 15 and 36705?
15
Calculate the greatest common divisor of 147 and 140.
7
What is the highest common divisor of 3208 and 16?
8
What is the highest common factor of 22688 and 16?
16
Calculate the greatest common divisor of 27 and 432.
27
What is the highest common divisor of 12 and 90?
6
What is the greatest common factor of 300 and 4300?
100
Calculate the greatest common factor of 120 and 80.
40
What is the greatest common divisor of 406 and 56?
14
Calculate the highest common divisor of 8 and 956.
4
Calculate the greatest common factor of 337 and 3.
1
Calculate the greatest common factor of 2 and 62.
2
Calculate the highest common factor of 670 and 180.
10
Calculate the greatest common factor of 90 and 70.
10
Calculate the greatest common divisor of 270 and 210.
30
Calculate the greatest common divisor of 18 and 1062.
18
What is the greatest common divisor of 46 and 736?
46
What is the greatest common divisor of 4 and 118?
2
What is the greatest common divisor of 657 and 153?
9
Calculate the highest common divisor of 14 and 63.
7
What is the highest common factor of 56 and 329?
7
What is the greatest common factor of 666 and 18?
18
What is the greatest common divisor of 12 and 318?
6
Calculate the highest common factor of 5481 and 108.
27
Calculate the highest common factor of 216 and 5688.
72
What is the greatest common divisor of 2 and 218?
2
Calculate the highest common divisor of 25 and 80.
5
What is the greatest common factor of 105 and 609?
21
Calculate the greatest common factor of 58 and 87.
29
Calculate the highest common factor of 552 and 69.
69
What is the highest common divisor of 992 and 31?
31
What is the highest common factor of 4 and 1396?
4
Calculate the greatest common divisor of 2108 and 204.
68
Calculate the greatest common factor of 1862 and 7714.
266
Calculate the greatest common factor of 208 and 364.
52
What is the highest common factor of 99 and 3?
3
What is the greatest common factor of 250 and 130?
10
What is the greatest common factor of 742 and 14?
14
Calculate the highest common factor of 1027 and 3792.
79
Calculate the highest common factor of 3 and 15.
3
Calculate the greatest common factor of 292 and 8.
4
Calculate the highest common factor of 3796 and 364.
52
What is the greatest common divisor of 140 and 32?
4
What is the greatest common factor of 14 and 469?
7
What is the highest c